{"id":176,"date":"2025-07-01T21:55:15","date_gmt":"2025-07-02T00:55:15","guid":{"rendered":"https:\/\/btv.org.br\/site\/?page_id=176"},"modified":"2025-07-04T15:56:40","modified_gmt":"2025-07-04T18:56:40","slug":"quem-somos","status":"publish","type":"page","link":"https:\/\/btv.org.br\/site\/quem-somos\/","title":{"rendered":"Quem Somos"},"content":{"rendered":"\n\n\n\n\n<p>Lorem Ipsum has been the industry&#8217;s standard dummy text ever since the 1500s.<\/p>\n\n<strong>Ariane Porto<\/strong><br>\n<br>\nAntrop\u00f3loga, mestre e doutora em Artes pela USP, p\u00f3s-doutorado em Comunica\u00e7\u00f5es e Artes pela ECA-USP e pelo Brain, Belief and Behaviour Lab da Coventry University (Inglaterra), \u00e9 mestre em Artes C\u00eanicas pela USP, S\u00f3cia-fundadora da TAO Produ\u00e7\u00f5es Art\u00edsticas, da ABPEducom, do Teatro de Arte e Of\u00edcio de Campinas e do Centro Cultural \u201cS\u00e3o Sebasti\u00e3o tem alma\u201d, possui ampla trajet\u00f3ria como pesquisadora e consultora em projetos nas \u00e1reas de comunica\u00e7\u00e3o, educa\u00e7\u00e3o e meio ambiente, incluindo atua\u00e7\u00e3o para o Programa das Na\u00e7\u00f5es Unidas para o Desenvolvimento.<br>\n<br>\n\nEscritora, roteirista, cineasta e diretora, produziu e dirigiu mais de 30 espet\u00e1culos teatrais, 40 curtas-metragens e diversos longas premiados, como Mama Minha! (2022), vencedor em festivais internacionais em Paris, Nova Iorque e Chicago. Tamb\u00e9m \u00e9 criadora de s\u00e9ries para TV e co-produtora de document\u00e1rios exibidos por emissoras como TV Brasil e SESC TV. \u00c9 diretora audiovisual do projeto internacional \u201cPensamento da Floresta\u201d (Coventry University) e preside o ECOCINE \u2013 Festival Internacional de Cinema Ambiental e Direitos Humanos, criado em 1992. Entre suas publica\u00e7\u00f5es, destacam-se Cai\u00e7ara \u2013 uma cultura que resiste, Teresa Aguiar e o Rotunda, Crian\u00e7a e Audiovisual \u2013 metodologia educomunicativa Bem-te-vi e t\u00edtulos de fic\u00e7\u00e3o como Brigitte, olhos de estrela, O banho de Cle\u00f3patra e O pesadelo de Mordeu.\n\n\n\n<p>Lorem Ipsum has been the industry&#8217;s standard dummy text ever since the 1500s.<\/p>\n\n<p><strong>Michele Marques<\/strong><\/p><br><p>Michele Marques Pereira \u00e9 doutoranda e mestra em Ci\u00eancias da Comunica\u00e7\u00e3o pela ECA\/USP, educomunicadora, fot\u00f3grafa e pesquisadora. Atua na interface entre educomunica\u00e7\u00e3o, inf\u00e2ncias, participa\u00e7\u00e3o, protagonismo e produ\u00e7\u00e3o midi\u00e1tica. Integra os grupos GELiDis (linguagens e m\u00eddia), GEPSI (sociologia da inf\u00e2ncia) e Epistemologia da Educomunica\u00e7\u00e3o, al\u00e9m do N\u00facleo de Comunica\u00e7\u00e3o e Educa\u00e7\u00e3o da USP.<br>\n \u00c9 formada em Document\u00e1rio e Produ\u00e7\u00e3o Executiva para Cinema e Televis\u00e3o pela Academia Internacional de Cinema, em Produ\u00e7\u00e3o Audiovisual Infantil pelo ComKids e em Fotografia pela escola FullFrame.<\/p>\n<br><p>No Projeto Bem-Te-Vi, estou como coordenadora e atuo com a cren\u00e7a profunda na pot\u00eancia das crian\u00e7as como criadoras de mundos, imagens e sentidos. Investigo no doutorado as representa\u00e7\u00f5es das inf\u00e2ncias nas produ\u00e7\u00f5es audiovisuais feitas para crian\u00e7as e aqui caminho com as inf\u00e2ncias na constru\u00e7\u00e3o de narrativas feitas por elas, cultivando a liberdade de imaginar, produzir e dizer, com e pelas inf\u00e2ncias.<\/p>\n\n\n\n<p>Lorem Ipsum has been the industry&#8217;s standard dummy text ever since the 1500s.<\/p>\n\n<strong>Maur\u00edcio Virgulino<\/strong><br>\n<br>\nDoutor e Mestre em Artes pela USP, Especialista em M\u00eddias na Educa\u00e7\u00e3o pela UFPE, Licenciado em Educomunica\u00e7\u00e3o pela USP.<br>\nAfeito ao amor e luta, buscados e constru\u00eddos por meio da Educomunica\u00e7\u00e3o e da Arte\/Educa\u00e7\u00e3o. <br>\nPelos caminhos o sentipensar, do di\u00e1logo, e da inteireza estou como coordenador do Projeto Bem-Te-Vi esperan\u00e7ando encontros e constru\u00e7\u00f5es de saberes em comunidade.\n\n\n\n\n\n\n\n\n<p>Lorem Ipsum has been the industry&#8217;s standard dummy text ever since the 1500s.<\/p>\n\n\n<p>Lorem Ipsum has been the industry&#8217;s standard dummy text ever since the 1500s.<\/p>\n\n\n<p>Lorem Ipsum has been the industry&#8217;s standard dummy text ever since the 1500s.<\/p>\n\n\n\n\n<strong>ADriana Pinto\n<\/strong><br>\n<br>\nDiretora, Executiva criativa, head de produ\u00e7\u00e3o e animadora com mais de 25 anos de experi\u00eancia no mercado de anima\u00e7\u00e3o.<br>\nPossui profunda intimidade no workflow e na realidade do audiovisual, produzindo e\/ou dirigindo os est\u00e1gios de um projeto animado.<br>\nAtualmente, \u00e9 presidente da ABCA &#8211; Associa\u00e7\u00e3o Brasileira de Cinema de Anima\u00e7\u00e3o e membra da Academia Brasileira de Cinema e Artes Audiovisuais.<br>\nAtua frequentemente como jurada, curadora e parecerista.<br>\nTamb\u00e9m faz parte do Conselho Diretor da Mir\u00edade Produ\u00e7\u00f5es.<br>\nEducomunicadora em in\u00fameras comunidades de vulnerabilidade social.<br>\nComo professora universit\u00e1ria, formatou e ministrou a disciplina \u201cPrinc\u00edpios e T\u00e9cnicas de Anima\u00e7\u00e3o\u201d.\n\n\n\n<strong>Luisa Pasim<\/strong><br>\n<br>\nProdutora cultural com 20 anos de atua\u00e7\u00e3o pela TAO Produ\u00e7\u00f5es Art\u00edsticas, com experi\u00eancia em teatro, cinema e na realiza\u00e7\u00e3o do Festival Internacional de Cinema Ambiental e Direitos Humanos. Trabalhou ao lado de grandes nomes como Lima Duarte, Laura Cardoso, Ney Latorraca, Regina Duarte, entre outros. <br>\nNo teatro, participou de importantes montagens dirigidas por Teresa Aguiar e Ariane Porto, como O Crime da Cabra, Or\u00e9stia e A Cantora Careca.<br>\nNo audiovisual, atuou como produtora e diretora de produ\u00e7\u00e3o em longas, curtas e document\u00e1rios, incluindo Topografia de um Desnudo e Partitura Rasgada \u2013 Carlos Gomes.\n<br>Tamb\u00e9m produziu shows musicais, como o evento com Ivete Sangalo e Sandy &amp; Junior, em 2006.\n\n\n\n\n<strong>Julia Cavalcante<\/strong><br>\n<br>\nPedagoga formada pela Universidade S\u00e3o Judas Tadeu, atua com legendagem e \u00e9 gestora de conte\u00fado na TaoPlay, plataforma dedicada ao cinema independente.\n<br>\nAtualmente, coordena o projeto Bem-te-vi, que promove a\u00e7\u00f5es de educomunica\u00e7\u00e3o em escolas cai\u00e7aras e comunidades afastadas dos grandes centros urbanos.\n\n\n\n\n<strong>Giovanna Fran\u00e7a<\/strong><br>\n<br>\n\nCom forma\u00e7\u00e3o em Nutri\u00e7\u00e3o, iniciou sua trajet\u00f3ria no audiovisual h\u00e1 tr\u00eas anos, dedicando-se especialmente \u00e0 \u00e1rea de legendagem. <br>\nAtualmente, atua como gestora da plataforma TaoPlay. Em 2022, durante um trabalho de recupera\u00e7\u00e3o de acervo, teve a oportunidade de conhecer o Projeto Bem-Te-Vi, cuja miss\u00e3o e legado a tocaram profundamente, tornando-se uma de suas principais inspira\u00e7\u00f5es profissionais.\n\n\n\n\n\n\n\n\n\n<p>Lorem Ipsum has been the industry&#8217;s standard dummy text ever since the 1500s.<\/p>\n\n\n\n\n\n\n\n\n","protected":false},"excerpt":{"rendered":"","protected":false},"author":1,"featured_media":0,"parent":0,"menu_order":0,"comment_status":"closed","ping_status":"closed","template":"","meta":{"pagelayer_contact_templates":[],"_pagelayer_content":"","footnotes":""},"class_list":["post-176","page","type-page","status-publish","hentry"],"_links":{"self":[{"href":"https:\/\/btv.org.br\/site\/wp-json\/wp\/v2\/pages\/176","targetHints":{"allow":["GET"]}}],"collection":[{"href":"https:\/\/btv.org.br\/site\/wp-json\/wp\/v2\/pages"}],"about":[{"href":"https:\/\/btv.org.br\/site\/wp-json\/wp\/v2\/types\/page"}],"author":[{"embeddable":true,"href":"https:\/\/btv.org.br\/site\/wp-json\/wp\/v2\/users\/1"}],"replies":[{"embeddable":true,"href":"https:\/\/btv.org.br\/site\/wp-json\/wp\/v2\/comments?post=176"}],"version-history":[{"count":7,"href":"https:\/\/btv.org.br\/site\/wp-json\/wp\/v2\/pages\/176\/revisions"}],"predecessor-version":[{"id":321,"href":"https:\/\/btv.org.br\/site\/wp-json\/wp\/v2\/pages\/176\/revisions\/321"}],"wp:attachment":[{"href":"https:\/\/btv.org.br\/site\/wp-json\/wp\/v2\/media?parent=176"}],"curies":[{"name":"wp","href":"https:\/\/api.w.org\/{rel}","templated":true}]}}